{"id":997,"date":"2020-07-20T04:58:52","date_gmt":"2020-07-20T04:58:52","guid":{"rendered":"http:\/\/smartdemowp.com\/visarzo\/?page_id=7"},"modified":"2021-09-23T09:56:04","modified_gmt":"2021-09-23T09:56:04","slug":"registre","status":"publish","type":"page","link":"https:\/\/infonot.ro\/index.php\/registre\/","title":{"rendered":"Registre"},"content":{"rendered":"\t\t<div data-elementor-type=\"wp-page\" data-elementor-id=\"997\" class=\"elementor elementor-997\" data-elementor-settings=\"[]\">\n\t\t\t\t\t\t\t<div class=\"elementor-section-wrap\">\n\t\t\t\t\t\t\t<section class=\"elementor-section elementor-top-section elementor-element elementor-element-5c4adc2 elementor-section-stretched elementor-section-full_width elementor-section-height-default elementor-section-height-default\" data-id=\"5c4adc2\" data-element_type=\"section\" data-settings=\"{&quot;stretch_section&quot;:&quot;section-stretched&quot;}\">\n\t\t\t\t\t\t<div class=\"elementor-container elementor-column-gap-no\">\n\t\t\t\t\t<div class=\"elementor-column elementor-col-100 elementor-top-column elementor-element elementor-element-2d8dc38\" data-id=\"2d8dc38\" data-element_type=\"column\">\n\t\t\t<div class=\"elementor-widget-wrap elementor-element-populated\">\n\t\t\t\t\t\t\t\t<div class=\"elementor-element elementor-element-b06b158 animated-slow elementor-widget elementor-widget-visarzo_banner\" data-id=\"b06b158\" data-element_type=\"widget\" data-settings=\"{&quot;_animation_delay&quot;:500000000,&quot;_animation&quot;:&quot;none&quot;}\" data-widget_type=\"visarzo_banner.default\">\n\t\t\t\t<div class=\"elementor-widget-container\">\n\t\t\t\t\t<!-- banner-section -->\n\t\t\t\t<section class=\"banner-section style-one\">\n\t\t\t<div class=\"banner-carousel owl-theme owl-carousel owl-dots-none\">\n\t\t\t\t\t\t\t\t <div class=\"slide-item\">\n\t\t\t\t\t\t<div class=\"image-layer\" style=\"background-image:url(https:\/\/infonot.ro\/wp-content\/uploads\/2020\/07\/pattern-2.png)\"><\/div>\n\t\t\t\t\t\t<div class=\"auto-container\">\n\t\t\t\t\t\t\t<div class=\"row clearfix\">\n\t\t\t\t\t\t\t\t\t\t\t\t\t\t\t\t<div class=\"col-xl-7 col-lg-12 col-md-12 content-column\">\n\t\t\t\t\t\t\t\t\t\t\t\t\t\t\t\t\t<div class=\"content-box\">\n\t\t\t\t\t\t\t\t\t\t\t\t\t\t\t\t\t\t\t<div class=\"title-text\">\n\t\t\t\t\t\t\t\t\t\t\t<h1 class=\"slider\"><br>Registrele de la nivelul CNARNN-Infonot\n<\/h1>\n\t\t\t\t\t\t\t\t\t\t\t<div class=\"dotted-box\">\n\t\t\t\t\t\t\t\t\t\t\t\t<span class=\"dotted\"><\/span>\n\t\t\t\t\t\t\t\t\t\t\t\t<span class=\"dotted\"><\/span>\n\t\t\t\t\t\t\t\t\t\t\t\t<span class=\"dotted\"><\/span>\n\t\t\t\t\t\t\t\t\t\t\t<\/div>\n\t\t\t\t\t\t\t\t\t\t<\/div>\n\t\t\t\t\t\t\t\t\t\t\t\t\t\t\t\t\t\t\t\t<p><\/p>\n\t\t\t\t\t\t\t\t\t\t\t\t\t\t\t\t\t\t\t\t<div class=\"btn-box\">\n\t\t\t\t\t\t\t\t\t\t\t<a href=\"http:\/\/smartdemowp.com\/visarzo\/service-page-01\/\"  target=\"_blank\"  rel=\"nofollow\" class=\"theme-btn-one\"><i class=\"flaticon-send\"><\/i>Citeste mai mult...<\/a>\n\t\t\t\t\t\t\t\t\t\t<\/div>\n\t\t\t\t\t\t\t\t\t<\/div>\n\t\t\t\t\t\t\t\t<\/div>\n\t\t\t\t\t\t\t<\/div>\n\t\t\t\t\t\t<\/div>\n\t\t\t\t\t<\/div> \n\t\t\t<\/div>\n\t\t<\/section>\n\t\t<!-- banner-section end -->\n\t\t\t\t\t\t\t<!-- banner-section end --> \n\t\t\t\t\t\t\t<\/div>\n\t\t\t\t<\/div>\n\t\t\t\t\t<\/div>\n\t\t<\/div>\n\t\t\t\t\t\t\t<\/div>\n\t\t<\/section>\n\t\t\t\t<section class=\"elementor-section elementor-top-section elementor-element elementor-element-ec04f47 elementor-section-boxed elementor-section-height-default elementor-section-height-default\" data-id=\"ec04f47\" data-element_type=\"section\">\n\t\t\t\t\t\t<div class=\"elementor-container elementor-column-gap-default\">\n\t\t\t\t\t<div class=\"elementor-column elementor-col-100 elementor-top-column elementor-element elementor-element-2faf3eb\" data-id=\"2faf3eb\" data-element_type=\"column\">\n\t\t\t<div class=\"elementor-widget-wrap elementor-element-populated\">\n\t\t\t\t\t\t\t\t<div class=\"elementor-element elementor-element-858b708 elementor-widget elementor-widget-spacer\" data-id=\"858b708\" data-element_type=\"widget\" data-widget_type=\"spacer.default\">\n\t\t\t\t<div class=\"elementor-widget-container\">\n\t\t\t\t\t<div class=\"elementor-spacer\">\n\t\t\t<div class=\"elementor-spacer-inner\"><\/div>\n\t\t<\/div>\n\t\t\t\t<\/div>\n\t\t\t\t<\/div>\n\t\t\t\t\t<\/div>\n\t\t<\/div>\n\t\t\t\t\t\t\t<\/div>\n\t\t<\/section>\n\t\t\t\t<section class=\"elementor-section elementor-top-section elementor-element elementor-element-77bde5b elementor-section-boxed elementor-section-height-default elementor-section-height-default\" data-id=\"77bde5b\" data-element_type=\"section\">\n\t\t\t\t\t\t<div class=\"elementor-container elementor-column-gap-default\">\n\t\t\t\t\t<div class=\"elementor-column elementor-col-100 elementor-top-column elementor-element elementor-element-b2f1442\" data-id=\"b2f1442\" data-element_type=\"column\">\n\t\t\t<div class=\"elementor-widget-wrap elementor-element-populated\">\n\t\t\t\t\t\t\t\t<div class=\"elementor-element elementor-element-11c5aae registre elementor-view-default elementor-position-top elementor-vertical-align-top elementor-invisible elementor-widget elementor-widget-icon-box\" data-id=\"11c5aae\" data-element_type=\"widget\" data-settings=\"{&quot;_animation&quot;:&quot;fadeInLeft&quot;}\" data-widget_type=\"icon-box.default\">\n\t\t\t\t<div class=\"elementor-widget-container\">\n\t\t\t\t\t<div class=\"elementor-icon-box-wrapper\">\n\t\t\t\t\t\t<div class=\"elementor-icon-box-icon\">\n\t\t\t\t<span class=\"elementor-icon elementor-animation-\" >\n\t\t\t\t<i aria-hidden=\"true\" class=\"far fa-file\"><\/i>\t\t\t\t<\/span>\n\t\t\t<\/div>\n\t\t\t\t\t\t<div class=\"elementor-icon-box-content\">\n\t\t\t\t<h2 class=\"elementor-icon-box-title\">\n\t\t\t\t\t<span  >\n\t\t\t\t\t\tRegistrul Na\u0163ional Notarial de Eviden\u0163\u0103 a Liberalit\u0103\u0163ilor - RNNEL\t\t\t\t\t<\/span>\n\t\t\t\t<\/h2>\n\t\t\t\t\t\t\t\t\t<p class=\"elementor-icon-box-description\">\n\t\t\t\t\t\t<p style=\"font-size:20px;\">\n<br>\u2022\tRegistrul Na\u0163ional Notarial de Eviden\u0163\u0103 a Liberalit\u0103\u0163ilor - RNNEL, \u00een care, \u00eencep\u00e2nd cu anul 2007, se \u00eenscriu testamente \u0219i\/sau codicile instrumentate \u00een form\u0103 autentic\u0103 precum \u0219i  revocarea acestora.  \nDe asemenea Registrul cuprinde \u0219i dispozi\u021biile testamentare cu privire la sumele de bani, valorile sau titlurile de valoare depuse la institu\u021biile specializate de credit \u0219i revoc\u0103rile acestora.\n\u00cencep\u00e2nd cu intrarea \u00een vigoare a Noului Codului Civil (1 octombrie  2011) \u00een registru sunt cuprinse \u0219i dona\u021biile \u00eencheiate prin contract sau prin ofert\u0103 de dona\u021bie, urmat\u0103 de acceptare. \n\n<br><br>\n E-mail:  jurist@infonot.ro\n<br><br>\n\n<a style=\"color:blue;\" href=\"https:\/\/infonot.ro\/wp-content\/uploads\/2021\/08\/Anexa-1-RNNEOS-RNNEL-RNNES.doc\">Cerere-tip-RNNEOS-RNNEL-RNNES.doc\n<\/a>\t\t\t\t\t<\/p>\n\t\t\t\t\t\t\t<\/div>\n\t\t<\/div>\n\t\t\t\t<\/div>\n\t\t\t\t<\/div>\n\t\t\t\t<div class=\"elementor-element elementor-element-0e24b35 elementor-view-default elementor-position-top elementor-vertical-align-top elementor-widget elementor-widget-icon-box\" data-id=\"0e24b35\" data-element_type=\"widget\" data-widget_type=\"icon-box.default\">\n\t\t\t\t<div class=\"elementor-widget-container\">\n\t\t\t\t\t<div class=\"elementor-icon-box-wrapper\">\n\t\t\t\t\t\t<div class=\"elementor-icon-box-icon\">\n\t\t\t\t<span class=\"elementor-icon elementor-animation-\" >\n\t\t\t\t<i aria-hidden=\"true\" class=\"far fa-arrow-alt-circle-right\"><\/i>\t\t\t\t<\/span>\n\t\t\t<\/div>\n\t\t\t\t\t\t<div class=\"elementor-icon-box-content\">\n\t\t\t\t<h2 class=\"elementor-icon-box-title\">\n\t\t\t\t\t<span  >\n\t\t\t\t\t\tRegistrul Na\u0163ional Notarial de Eviden\u0163\u0103 a Op\u0163iunilor Succesorale -  RNNEOS\t\t\t\t\t<\/span>\n\t\t\t\t<\/h2>\n\t\t\t\t\t\t\t\t\t<p class=\"elementor-icon-box-description\">\n\t\t\t\t\t\t<p style=\"font-size:20px;\">\n<br>\u2022\tRegistrul Na\u0163ional Notarial de Eviden\u0163\u0103 a Op\u0163iunilor Succesorale -  RNNEOS, \u00een care, \u00eencep\u00e2nd cu anul 2007, se \u00eenscriu  toate actele notariale de acceptare \u0219i renun\u0163are la mo\u015ftenire, \u00eentocmite \u00een form\u0103 autentic\u0103.\n\n<br><br>\n E-mail:  jurist@infonot.ro\n<br><br>\n\n<a style=\"color:blue;\" href=\"https:\/\/infonot.ro\/wp-content\/uploads\/2021\/08\/Anexa-1-RNNEOS-RNNEL-RNNES.doc\">Cerere-tip-RNNEOS-RNNEL-RNNES.doc\n<\/a>\t\t\t\t\t<\/p>\n\t\t\t\t\t\t\t<\/div>\n\t\t<\/div>\n\t\t\t\t<\/div>\n\t\t\t\t<\/div>\n\t\t\t\t<div class=\"elementor-element elementor-element-180d96c elementor-view-default elementor-position-top elementor-vertical-align-top elementor-widget elementor-widget-icon-box\" data-id=\"180d96c\" data-element_type=\"widget\" data-widget_type=\"icon-box.default\">\n\t\t\t\t<div class=\"elementor-widget-container\">\n\t\t\t\t\t<div class=\"elementor-icon-box-wrapper\">\n\t\t\t\t\t\t<div class=\"elementor-icon-box-icon\">\n\t\t\t\t<span class=\"elementor-icon elementor-animation-\" >\n\t\t\t\t<i aria-hidden=\"true\" class=\"fas fa-arrow-right\"><\/i>\t\t\t\t<\/span>\n\t\t\t<\/div>\n\t\t\t\t\t\t<div class=\"elementor-icon-box-content\">\n\t\t\t\t<h2 class=\"elementor-icon-box-title\">\n\t\t\t\t\t<span  >\n\t\t\t\t\t\tRegistrul Na\u0163ional Notarial de Eviden\u0163\u0103 a Succesiunilor cu element de extraneitate -  RNNES\t\t\t\t\t<\/span>\n\t\t\t\t<\/h2>\n\t\t\t\t\t\t\t\t\t<p class=\"elementor-icon-box-description\">\n\t\t\t\t\t\t<p style=\"font-size:20px;\">\n<br>\n\u2022\tRegistrul Na\u0163ional Notarial de Eviden\u0163\u0103 a Succesiunilor cu element de extraneitate -  RNNES, \u00een care se \u00eenscriu, \u00eencep\u00e2nd cu anul 2007, cauzele succesorale referitoare la cet\u0103\u0163enii rom\u00e2ni, str\u0103ini sau apatrizi, cu ultimul domiciliu necunoscut sau care nu se afl\u0103 pe teritoriul Rom\u00e2niei, de pe urma c\u0103rora au r\u0103mas bunuri \u00een Rom\u00e2nia, precum \u0219i solu\u021biile certificatelor europene de mo\u0219tenitor, dup\u0103 caz. Baza de date a acestui registru este alc\u0103tuit\u0103 din informa\u021biile privind succesiunile dezb\u0103tute din anul  1995 p\u00e2n\u0103  la zi, iar pentru aria de compenten\u021b\u0103 a notarilor din Camera Notarilor Publici Bucure\u0219ti, din 1954 p\u00e2n\u0103 la zi .\n\n<br><br>\nE-mail: jurist@infonot.ro\n\n<br><br>\n<a style=\"color:blue;\" href=\"https:\/\/infonot.ro\/wp-content\/uploads\/2021\/08\/Anexa-1-RNNEOS-RNNEL-RNNES.doc\">Cerere-tip-RNNEOS-RNNEL-RNNES.doc\n<\/a>\t\t\t\t\t<\/p>\n\t\t\t\t\t\t\t<\/div>\n\t\t<\/div>\n\t\t\t\t<\/div>\n\t\t\t\t<\/div>\n\t\t\t\t<div class=\"elementor-element elementor-element-faf9e93 elementor-view-default elementor-position-top elementor-vertical-align-top elementor-widget elementor-widget-icon-box\" data-id=\"faf9e93\" data-element_type=\"widget\" data-widget_type=\"icon-box.default\">\n\t\t\t\t<div class=\"elementor-widget-container\">\n\t\t\t\t\t<div class=\"elementor-icon-box-wrapper\">\n\t\t\t\t\t\t<div class=\"elementor-icon-box-icon\">\n\t\t\t\t<span class=\"elementor-icon elementor-animation-\" >\n\t\t\t\t<i aria-hidden=\"true\" class=\" flaticon-report\"><\/i>\t\t\t\t<\/span>\n\t\t\t<\/div>\n\t\t\t\t\t\t<div class=\"elementor-icon-box-content\">\n\t\t\t\t<h2 class=\"elementor-icon-box-title\">\n\t\t\t\t\t<span  >\n\t\t\t\t\t\tRegistrul Na\u0163ional Notarial de Eviden\u0163\u0103 a Procurilor \u015fi a Revoc\u0103rilor Acestora - RNNEPR\t\t\t\t\t<\/span>\n\t\t\t\t<\/h2>\n\t\t\t\t\t\t\t\t\t<p class=\"elementor-icon-box-description\">\n\t\t\t\t\t\t<p style=\"font-size:20px;\">\n<br>\u2022\tRegistrul Na\u0163ional Notarial de Eviden\u0163\u0103 a Procurilor \u015fi a Revoc\u0103rilor Acestora - RNNEPR, \u00een care se \u00eenscriu toate procurile \/ mandatele date \u00een scopul \u00eencheierii de acte \u015fi al \u00eendeplinirii de proceduri notariale, precum \u015fi orice acte de revocare expres\u0103. Actele de revocare a procurilor sunt \u00eenscrise \u00eencep\u00e2nd cu anul 2007 iar, din anul 2013, sunt \u00eenregistrate \u0219i procurile cu inciden\u021b\u0103 \u00een activitatera noatrial\u0103.\n<br><br>\nE-mail: rnpr@infonot.ro\n<br><br>\n\n\n<a style=\"color:blue;\" href=\"https:\/\/infonot.ro\/wp-content\/uploads\/2021\/08\/Anexa-4-RNNEPR.doc\">Cerere-tip-RNNEPR.doc\n<\/a>\t\t\t\t\t<\/p>\n\t\t\t\t\t\t\t<\/div>\n\t\t<\/div>\n\t\t\t\t<\/div>\n\t\t\t\t<\/div>\n\t\t\t\t<div class=\"elementor-element elementor-element-5779658 elementor-view-default elementor-position-top elementor-vertical-align-top elementor-widget elementor-widget-icon-box\" data-id=\"5779658\" data-element_type=\"widget\" data-widget_type=\"icon-box.default\">\n\t\t\t\t<div class=\"elementor-widget-container\">\n\t\t\t\t\t<div class=\"elementor-icon-box-wrapper\">\n\t\t\t\t\t\t<div class=\"elementor-icon-box-icon\">\n\t\t\t\t<span class=\"elementor-icon elementor-animation-\" >\n\t\t\t\t<i aria-hidden=\"true\" class=\"far fa-folder\"><\/i>\t\t\t\t<\/span>\n\t\t\t<\/div>\n\t\t\t\t\t\t<div class=\"elementor-icon-box-content\">\n\t\t\t\t<h2 class=\"elementor-icon-box-title\">\n\t\t\t\t\t<span  >\n\t\t\t\t\t\tRegistrul Na\u0163ional Notarial al Regimurilor Matrimoniale - RNNRM\t\t\t\t\t<\/span>\n\t\t\t\t<\/h2>\n\t\t\t\t\t\t\t\t\t<p class=\"elementor-icon-box-description\">\n\t\t\t\t\t\t<p style=\"font-size:20px;\">\n<br>\u2022\tRegistrul Na\u0163ional Notarial al Regimurilor Matrimoniale - RNNRM, \u00eenfiin\u021bat odat\u0103 cu intrarea \u00een vigoare a noului Cod Civil (1 octombrie 2011) este registrul \u00een care se \u00eenscrie   regimul matrimonial ales de so\u021bi \u0219i care apare men\u021bionat \u00een actul de c\u0103s\u0103torie sau \u00een \nconven\u021bia matrimonial\u0103 prin care se adopt\u0103 sau se modific\u0103 regimul matrimonial. Tot \u00een acest registru se \u00eenscriu, de asemenea, actele prin care se desface c\u0103s\u0103toria \u0219i \u00eenceteaz\u0103 regimul matrimonial, respectiv certificatele de divor\u021b emise pe cale notarial\u0103 \u0219i administrativ\u0103  precum \u0219i hotar\u00e2rile judec\u0103tore\u0219ti de pronun\u021bare a divor\u021bului. \n<br><br>\nE-mail:  rnnrm@infonot.ro\n<br><br>\n\t\t\t\t\t<\/p>\n\t\t\t\t\t\t\t<\/div>\n\t\t<\/div>\n\t\t\t\t<\/div>\n\t\t\t\t<\/div>\n\t\t\t\t<div class=\"elementor-element elementor-element-6a35838 elementor-view-default elementor-position-top elementor-vertical-align-top elementor-widget elementor-widget-icon-box\" data-id=\"6a35838\" data-element_type=\"widget\" data-widget_type=\"icon-box.default\">\n\t\t\t\t<div class=\"elementor-widget-container\">\n\t\t\t\t\t<div class=\"elementor-icon-box-wrapper\">\n\t\t\t\t\t\t<div class=\"elementor-icon-box-icon\">\n\t\t\t\t<span class=\"elementor-icon elementor-animation-\" >\n\t\t\t\t<i aria-hidden=\"true\" class=\"fas fa-money-bill-wave\"><\/i>\t\t\t\t<\/span>\n\t\t\t<\/div>\n\t\t\t\t\t\t<div class=\"elementor-icon-box-content\">\n\t\t\t\t<h2 class=\"elementor-icon-box-title\">\n\t\t\t\t\t<span  >\n\t\t\t\t\t\tRegistrul Na\u021bional Notarial de Eviden\u021b\u0103 a Creditorilor Persoanelor Fizice \u0219i a Opozi\u021biilor la Efectuarea Partajului Succesoral - RNNEC\t\t\t\t\t<\/span>\n\t\t\t\t<\/h2>\n\t\t\t\t\t\t\t\t\t<p class=\"elementor-icon-box-description\">\n\t\t\t\t\t\t<p style=\"font-size:20px;\">\n<br>\u2022\tRegistrul Na\u021bional Notarial de Eviden\u021b\u0103 a Creditorilor Persoanelor Fizice \u0219i a Opozi\u021biilor la Efectuarea Partajului Succesoral - RNNEC, \u00een care se \u00eenscriu, \u00eencep\u00e2nd cu anul 2013, cererile creditorilor privind dreptul lor de crean\u021b\u0103 pe care \u00eel au fa\u021b\u0103 de o persoan\u0103 fizic\u0103.\n\n<br><br>\nE-mail:  legal@infonot.ro\n<br><br>\n\t\t\t\t\t<\/p>\n\t\t\t\t\t\t\t<\/div>\n\t\t<\/div>\n\t\t\t\t<\/div>\n\t\t\t\t<\/div>\n\t\t\t\t<div class=\"elementor-element elementor-element-310d181 elementor-view-default elementor-position-top elementor-vertical-align-top elementor-widget elementor-widget-icon-box\" data-id=\"310d181\" data-element_type=\"widget\" data-widget_type=\"icon-box.default\">\n\t\t\t\t<div class=\"elementor-widget-container\">\n\t\t\t\t\t<div class=\"elementor-icon-box-wrapper\">\n\t\t\t\t\t\t<div class=\"elementor-icon-box-icon\">\n\t\t\t\t<span class=\"elementor-icon elementor-animation-\" >\n\t\t\t\t<i aria-hidden=\"true\" class=\"fas fa-book-dead\"><\/i>\t\t\t\t<\/span>\n\t\t\t<\/div>\n\t\t\t\t\t\t<div class=\"elementor-icon-box-content\">\n\t\t\t\t<h2 class=\"elementor-icon-box-title\">\n\t\t\t\t\t<span  >\n\t\t\t\t\t\t Registrul Na\u021bional de Eviden\u021b\u0103 a Actelor de Deces - RNEAD\t\t\t\t\t<\/span>\n\t\t\t\t<\/h2>\n\t\t\t\t\t\t\t\t\t<p class=\"elementor-icon-box-description\">\n\t\t\t\t\t\t<p style=\"font-size:20px;\">\n<br>\u2022\t Registrul Na\u021bional de Eviden\u021b\u0103 a Actelor de Deces - RNEAD, care cuprinde toate actele de deces \u00eenregistrate din luna ianuarie 2012 p\u00e2n\u0103 \u00een prezent, \u00een baza  informa\u021biilor din actele de deces \u00eenscrise \u00een documentele transmise lunar de D.E.P.A.B.D. \n<br><br>\nE-mail: jurist@infonot.ro\n<br><br>\t\t\t\t\t<\/p>\n\t\t\t\t\t\t\t<\/div>\n\t\t<\/div>\n\t\t\t\t<\/div>\n\t\t\t\t<\/div>\n\t\t\t\t<div class=\"elementor-element elementor-element-5fe47af registre elementor-view-default elementor-position-top elementor-vertical-align-top elementor-invisible elementor-widget elementor-widget-icon-box\" data-id=\"5fe47af\" data-element_type=\"widget\" data-settings=\"{&quot;_animation&quot;:&quot;fadeInLeft&quot;}\" data-widget_type=\"icon-box.default\">\n\t\t\t\t<div class=\"elementor-widget-container\">\n\t\t\t\t\t<div class=\"elementor-icon-box-wrapper\">\n\t\t\t\t\t\t<div class=\"elementor-icon-box-icon\">\n\t\t\t\t<span class=\"elementor-icon elementor-animation-\" >\n\t\t\t\t<i aria-hidden=\"true\" class=\"far fa-envelope\"><\/i>\t\t\t\t<\/span>\n\t\t\t<\/div>\n\t\t\t\t\t\t<div class=\"elementor-icon-box-content\">\n\t\t\t\t<h2 class=\"elementor-icon-box-title\">\n\t\t\t\t\t<span  >\n\t\t\t\t\t\tRegistrul na\u021bional notarial de eviden\u021b\u0103 a cererilor  de divor\u021b\t\t\t\t\t<\/span>\n\t\t\t\t<\/h2>\n\t\t\t\t\t\t\t\t\t<p class=\"elementor-icon-box-description\">\n\t\t\t\t\t\t<p style=\"font-size:20px;\">\n\u2022\tRegistrul Na\u021bional Notarial de Eviden\u021b\u0103 a Cererilor de Divor\u021b - RNNECD, \u00eenfiin\u021bat \u00een anul 2011, \u00een care se \u00eenscriu cererile privind desfacerea c\u0103s\u0103toriei prin acordul so\u021bilor, pe cale notarial\u0103.<br>\n\n\t\t\t\t\t<\/p>\n\t\t\t\t\t\t\t<\/div>\n\t\t<\/div>\n\t\t\t\t<\/div>\n\t\t\t\t<\/div>\n\t\t\t\t<div class=\"elementor-element elementor-element-f76ae30 elementor-widget elementor-widget-spacer\" data-id=\"f76ae30\" data-element_type=\"widget\" data-widget_type=\"spacer.default\">\n\t\t\t\t<div class=\"elementor-widget-container\">\n\t\t\t\t\t<div class=\"elementor-spacer\">\n\t\t\t<div class=\"elementor-spacer-inner\"><\/div>\n\t\t<\/div>\n\t\t\t\t<\/div>\n\t\t\t\t<\/div>\n\t\t\t\t<div class=\"elementor-element elementor-element-6169d59 elementor-view-default elementor-position-top elementor-vertical-align-top elementor-widget elementor-widget-icon-box\" data-id=\"6169d59\" data-element_type=\"widget\" data-widget_type=\"icon-box.default\">\n\t\t\t\t<div class=\"elementor-widget-container\">\n\t\t\t\t\t<div class=\"elementor-icon-box-wrapper\">\n\t\t\t\t\t\t<div class=\"elementor-icon-box-icon\">\n\t\t\t\t<span class=\"elementor-icon elementor-animation-\" >\n\t\t\t\t<i aria-hidden=\"true\" class=\" flaticon-form\"><\/i>\t\t\t\t<\/span>\n\t\t\t<\/div>\n\t\t\t\t\t\t<div class=\"elementor-icon-box-content\">\n\t\t\t\t<h2 class=\"elementor-icon-box-title\">\n\t\t\t\t\t<span  >\n\t\t\t\t\t\tRegistrul Na\u021bional de Publicitate a Maselor Patrimoniale - RNPMP\t\t\t\t\t<\/span>\n\t\t\t\t<\/h2>\n\t\t\t\t\t\t\t\t\t<p class=\"elementor-icon-box-description\">\n\t\t\t\t\t\t<p style=\"font-size:20px;\">\n<br>\u2022\tRegistrul Na\u021bional de Publicitate a Maselor Patrimoniale - RNPMP, \u00een care se \u00eenscriu actele de constituire a maselor patrimoniale profesionale afectate exercit\u0103rii unei profesii autorizate precum \u0219i regimul juridic aplicabil acestora.\n<br><br>\nE-mail: jurist@infonot.ro\n<br><br>\n\t\t\t\t\t<\/p>\n\t\t\t\t\t\t\t<\/div>\n\t\t<\/div>\n\t\t\t\t<\/div>\n\t\t\t\t<\/div>\n\t\t\t\t<div class=\"elementor-element elementor-element-ef51d6d elementor-view-default elementor-position-top elementor-vertical-align-top elementor-widget elementor-widget-icon-box\" data-id=\"ef51d6d\" data-element_type=\"widget\" data-widget_type=\"icon-box.default\">\n\t\t\t\t<div class=\"elementor-widget-container\">\n\t\t\t\t\t<div class=\"elementor-icon-box-wrapper\">\n\t\t\t\t\t\t<div class=\"elementor-icon-box-icon\">\n\t\t\t\t<span class=\"elementor-icon elementor-animation-\" >\n\t\t\t\t<i aria-hidden=\"true\" class=\"far fa-edit\"><\/i>\t\t\t\t<\/span>\n\t\t\t<\/div>\n\t\t\t\t\t\t<div class=\"elementor-icon-box-content\">\n\t\t\t\t<h2 class=\"elementor-icon-box-title\">\n\t\t\t\t\t<span  >\n\t\t\t\t\t\tRegistrul Na\u021bional Notarial de Eviden\u021b\u0103 a Actelor de Dare \u00een Plat\u0103 - RNNEADP\t\t\t\t\t<\/span>\n\t\t\t\t<\/h2>\n\t\t\t\t\t\t\t\t\t<p class=\"elementor-icon-box-description\">\n\t\t\t\t\t\t<p style=\"font-size:20px;\">\n<br>Registrul Na\u021bional Notarial de Eviden\u021b\u0103 a Actelor de Dare \u00een Plat\u0103 - RNNEADP, \u00een care, \u00eencep\u00e2nd cu data de 01.07.2016, se \u00eenscriu doar actele de dare \u00een plat\u0103 ce au ca temei Legea nr. 77\/2016 privind darea \u00een plat\u0103 a unor bunuri imobile \u00een vederea stingerii obliga\u0163iilor asumate prin credite.   \n\u00cen Registrele Na\u021bionale Notariale se reg\u0103sesc at\u00e2t actele autentificate de notarii publici din Rom\u00e2nia c\u00e2t \u0219i cele \u00eendeplinite de misiunile diplomatice rom\u00e2ne. \n<br><br>\n\nE-mail: dareinplata@infonot.ro <br><br>\n\nE-mail pentru oricare dintre registre: registre@infonot.ro\n<br><br>\n\nE-mail pentru solicitan\u021bi ter\u021be persoane \u0219i informa\u021bii de  ordin juridic: jurist@infonot.ro\t\t\t\t\t<\/p>\n\t\t\t\t\t\t\t<\/div>\n\t\t<\/div>\n\t\t\t\t<\/div>\n\t\t\t\t<\/div>\n\t\t\t\t\t<\/div>\n\t\t<\/div>\n\t\t\t\t\t\t\t<\/div>\n\t\t<\/section>\n\t\t\t\t<section class=\"elementor-section elementor-top-section elementor-element elementor-element-f0368a2 elementor-section-boxed elementor-section-height-default elementor-section-height-default\" data-id=\"f0368a2\" data-element_type=\"section\">\n\t\t\t\t\t\t<div class=\"elementor-container elementor-column-gap-default\">\n\t\t\t\t\t<div class=\"elementor-column elementor-col-100 elementor-top-column elementor-element elementor-element-be8f6cd\" data-id=\"be8f6cd\" data-element_type=\"column\">\n\t\t\t<div class=\"elementor-widget-wrap\">\n\t\t\t\t\t\t\t\t\t<\/div>\n\t\t<\/div>\n\t\t\t\t\t\t\t<\/div>\n\t\t<\/section>\n\t\t\t\t\t\t<\/div>\n\t\t\t\t\t<\/div>\n\t\t","protected":false},"excerpt":{"rendered":"<p>Registrele de la nivelul CNARNN-Infonot Citeste mai mult&#8230; Registrul Na\u0163ional Notarial de Eviden\u0163\u0103 a Liberalit\u0103\u0163ilor &#8211; RNNEL \u2022 Registrul Na\u0163ional [&hellip;]<\/p>\n","protected":false},"author":1,"featured_media":0,"parent":0,"menu_order":0,"comment_status":"closed","ping_status":"closed","template":"elementor_header_footer","meta":{"footnotes":""},"class_list":["post-997","page","type-page","status-publish","hentry"],"_links":{"self":[{"href":"https:\/\/infonot.ro\/index.php\/wp-json\/wp\/v2\/pages\/997","targetHints":{"allow":["GET"]}}],"collection":[{"href":"https:\/\/infonot.ro\/index.php\/wp-json\/wp\/v2\/pages"}],"about":[{"href":"https:\/\/infonot.ro\/index.php\/wp-json\/wp\/v2\/types\/page"}],"author":[{"embeddable":true,"href":"https:\/\/infonot.ro\/index.php\/wp-json\/wp\/v2\/users\/1"}],"replies":[{"embeddable":true,"href":"https:\/\/infonot.ro\/index.php\/wp-json\/wp\/v2\/comments?post=997"}],"version-history":[{"count":77,"href":"https:\/\/infonot.ro\/index.php\/wp-json\/wp\/v2\/pages\/997\/revisions"}],"predecessor-version":[{"id":4088,"href":"https:\/\/infonot.ro\/index.php\/wp-json\/wp\/v2\/pages\/997\/revisions\/4088"}],"wp:attachment":[{"href":"https:\/\/infonot.ro\/index.php\/wp-json\/wp\/v2\/media?parent=997"}],"curies":[{"name":"wp","href":"https:\/\/api.w.org\/{rel}","templated":true}]}}